{"id":702,"date":"2024-05-05T21:59:41","date_gmt":"2024-05-05T19:59:41","guid":{"rendered":"http:\/\/www.sv-grossraeschen.de\/?page_id=702"},"modified":"2024-05-05T21:59:42","modified_gmt":"2024-05-05T19:59:42","slug":"tennis","status":"publish","type":"page","link":"http:\/\/www.sv-grossraeschen.de\/index.php\/tennis\/","title":{"rendered":"Tennis"},"content":{"rendered":"\n<h2 class=\"wp-block-heading\">Abteilungshomepage:<\/h2>\n\n\n\n<p><a href=\"http:\/\/www.tennis-grossraeschen.de\/\"><mark style=\"background-color:rgba(0, 0, 0, 0)\" class=\"has-inline-color has-vivid-cyan-blue-color\">www.tennis-grossraeschen.de<\/mark><\/a><\/p>\n\n\n\n<h2 class=\"wp-block-heading\">Abteilungsleitung:<\/h2>\n\n\n\n<figure class=\"wp-block-table\"><table><tbody><tr><td>Abteilungsleiter<\/td><td>Jens Pohle<\/td><\/tr><tr><td>Stellv. Abteilungsleiter \/ \u00d6ffentlichkeitsarbeit<\/td><td>Silvio Bonk<\/td><\/tr><tr><td>Kassenwart<\/td><td>Axel Zschiesche<\/td><\/tr><tr><td>Sportwart<\/td><td>Utz Boettner<\/td><\/tr><tr><td>Veranstaltungen \/ Events<\/td><td>Uta Sponholz<br>Heike Kockejei<\/td><\/tr><\/tbody><\/table><\/figure>\n\n\n\n<h2 class=\"wp-block-heading\">Trainingstage und Ergebnisse:<\/h2>\n\n\n\n<p>Aktuelle Informationen und Ergebnisse der Abteilung finden Sie unter\u00a0<a href=\"http:\/\/www.tennis-grossraeschen.de\/\"><mark style=\"background-color:rgba(0, 0, 0, 0)\" class=\"has-inline-color has-vivid-cyan-blue-color\">www.tennis-grossraeschen.de<\/mark><\/a><\/p>\n\n\n\n<h2 class=\"wp-block-heading\">Trainingsst\u00e4tte:<\/h2>\n\n\n\n<h6 class=\"wp-block-heading\">01.04. \u2013 30.09.<br>Tennisplatz&nbsp;SV Go\u00dfr\u00e4schen e.V.<\/h6>\n\n\n\n<p>Zufahrt von der Calauer Stra\u00dfe oder Chransdorfer Stra\u00dfe<br>01983 Gro\u00dfr\u00e4schen<\/p>\n\n\n\n<h6 class=\"wp-block-heading\">01.10. \u2013 31.03.<br>SeeSporthalle<\/h6>\n\n\n\n<p>Seestra\u00dfe 91<br>01983 Gro\u00dfr\u00e4schen<\/p>\n","protected":false},"excerpt":{"rendered":"<p>Abteilungshomepage: www.tennis-grossraeschen.de Abteilungsleitung: Abteilungsleiter Jens Pohle Stellv. Abteilungsleiter \/ \u00d6ffentlichkeitsarbeit Silvio Bonk Kassenwart Axel Zschiesche Sportwart Utz Boettner Veranstaltungen \/ Events Uta SponholzHeike Kockejei Trainingstage und Ergebnisse: Aktuelle Informationen und Ergebnisse der Abteilung finden Sie unter\u00a0www.tennis-grossraeschen.de Trainingsst\u00e4tte: 01.04. \u2013 30.09.Tennisplatz&nbsp;SV<\/p>\n","protected":false},"author":1,"featured_media":0,"parent":0,"menu_order":0,"comment_status":"closed","ping_status":"closed","template":"","meta":{"footnotes":""},"class_list":["post-702","page","type-page","status-publish","hentry"],"_links":{"self":[{"href":"http:\/\/www.sv-grossraeschen.de\/index.php\/wp-json\/wp\/v2\/pages\/702","targetHints":{"allow":["GET"]}}],"collection":[{"href":"http:\/\/www.sv-grossraeschen.de\/index.php\/wp-json\/wp\/v2\/pages"}],"about":[{"href":"http:\/\/www.sv-grossraeschen.de\/index.php\/wp-json\/wp\/v2\/types\/page"}],"author":[{"embeddable":true,"href":"http:\/\/www.sv-grossraeschen.de\/index.php\/wp-json\/wp\/v2\/users\/1"}],"replies":[{"embeddable":true,"href":"http:\/\/www.sv-grossraeschen.de\/index.php\/wp-json\/wp\/v2\/comments?post=702"}],"version-history":[{"count":1,"href":"http:\/\/www.sv-grossraeschen.de\/index.php\/wp-json\/wp\/v2\/pages\/702\/revisions"}],"predecessor-version":[{"id":703,"href":"http:\/\/www.sv-grossraeschen.de\/index.php\/wp-json\/wp\/v2\/pages\/702\/revisions\/703"}],"wp:attachment":[{"href":"http:\/\/www.sv-grossraeschen.de\/index.php\/wp-json\/wp\/v2\/media?parent=702"}],"curies":[{"name":"wp","href":"https:\/\/api.w.org\/{rel}","templated":true}]}}