{"id":712,"date":"2024-05-05T22:04:11","date_gmt":"2024-05-05T20:04:11","guid":{"rendered":"http:\/\/www.sv-grossraeschen.de\/?page_id=712"},"modified":"2025-05-16T21:06:24","modified_gmt":"2025-05-16T19:06:24","slug":"geraeteturnen-fuer-kinder","status":"publish","type":"page","link":"http:\/\/www.sv-grossraeschen.de\/index.php\/geraeteturnen-fuer-kinder\/","title":{"rendered":"Ger\u00e4teturnen f\u00fcr M\u00e4dchen"},"content":{"rendered":"\n<figure class=\"wp-block-image size-large\"><img loading=\"lazy\" decoding=\"async\" width=\"300\" height=\"169\" src=\"http:\/\/www.sv-grossraeschen.de\/wp-content\/uploads\/2025\/05\/img_3207-300x169.jpg\" alt=\"\" class=\"wp-image-778\" srcset=\"http:\/\/www.sv-grossraeschen.de\/wp-content\/uploads\/2025\/05\/img_3207-300x169.jpg 300w, http:\/\/www.sv-grossraeschen.de\/wp-content\/uploads\/2025\/05\/img_3207.jpg 720w\" sizes=\"auto, (max-width: 300px) 100vw, 300px\" \/><\/figure>\n\n\n\n<h2 class=\"wp-block-heading\">Abteilungsleitung:<\/h2>\n\n\n\n<div class=\"wp-block-columns is-layout-flex wp-container-core-columns-is-layout-9d6595d7 wp-block-columns-is-layout-flex\">\n<div class=\"wp-block-column is-layout-flow wp-block-column-is-layout-flow\" style=\"flex-basis:100%\">\n<figure class=\"wp-block-table\"><table><tbody><tr><td>Abteilungsleiterin<\/td><td>Sindy Ulbricht<\/td><\/tr><tr><td>Stellv. Abteilungsleiterin<\/td><td>Angela Hahn<\/td><\/tr><\/tbody><\/table><\/figure>\n<\/div>\n<\/div>\n\n\n\n<h2 class=\"wp-block-heading\">Trainingstage:<\/h2>\n\n\n\n<p>Montag :<\/p>\n\n\n\n<p>14:30 &#8211; 16:00 Uhr ab 6 Jahre <\/p>\n\n\n\n<p>15:30 &#8211; 17:00 Uhr, 4-6 Jahre<\/p>\n\n\n\n<p>Mittwoch:<\/p>\n\n\n\n<p>14:30 &#8211; 16:30 Uhr ab 6 Jahre<\/p>\n\n\n\n<h2 class=\"wp-block-heading\">Trainingsst\u00e4tte:<\/h2>\n\n\n\n<p>SeeSporthalle &#8211; Seestra\u00dfe 90 &#8211; 01983 Gro\u00dfr\u00e4schen<\/p>\n","protected":false},"excerpt":{"rendered":"<p>Abteilungsleitung: Abteilungsleiterin Sindy Ulbricht Stellv. Abteilungsleiterin Angela Hahn Trainingstage: Montag : 14:30 &#8211; 16:00 Uhr ab 6 Jahre 15:30 &#8211; 17:00 Uhr, 4-6 Jahre Mittwoch: 14:30 &#8211; 16:30 Uhr ab 6 Jahre Trainingsst\u00e4tte: SeeSporthalle &#8211; Seestra\u00dfe 90 &#8211; 01983 Gro\u00dfr\u00e4schen<\/p>\n","protected":false},"author":1,"featured_media":0,"parent":0,"menu_order":0,"comment_status":"closed","ping_status":"closed","template":"","meta":{"footnotes":""},"class_list":["post-712","page","type-page","status-publish","hentry"],"_links":{"self":[{"href":"http:\/\/www.sv-grossraeschen.de\/index.php\/wp-json\/wp\/v2\/pages\/712","targetHints":{"allow":["GET"]}}],"collection":[{"href":"http:\/\/www.sv-grossraeschen.de\/index.php\/wp-json\/wp\/v2\/pages"}],"about":[{"href":"http:\/\/www.sv-grossraeschen.de\/index.php\/wp-json\/wp\/v2\/types\/page"}],"author":[{"embeddable":true,"href":"http:\/\/www.sv-grossraeschen.de\/index.php\/wp-json\/wp\/v2\/users\/1"}],"replies":[{"embeddable":true,"href":"http:\/\/www.sv-grossraeschen.de\/index.php\/wp-json\/wp\/v2\/comments?post=712"}],"version-history":[{"count":6,"href":"http:\/\/www.sv-grossraeschen.de\/index.php\/wp-json\/wp\/v2\/pages\/712\/revisions"}],"predecessor-version":[{"id":782,"href":"http:\/\/www.sv-grossraeschen.de\/index.php\/wp-json\/wp\/v2\/pages\/712\/revisions\/782"}],"wp:attachment":[{"href":"http:\/\/www.sv-grossraeschen.de\/index.php\/wp-json\/wp\/v2\/media?parent=712"}],"curies":[{"name":"wp","href":"https:\/\/api.w.org\/{rel}","templated":true}]}}

Geräteturnen für Mädchen

<figure class="wp-block-image size-large"><img loading="lazy" decoding="async" width="300" height="169" src="http://www.sv-grossraeschen.de/wp-content/uploads/2025/05/img_3207-300x169.jpg" alt="" class="wp-image-778" srcset="http://www.sv-grossraeschen.de/wp-content/uploads/2025/05/img_3207-300x169.jpg 300w, http://www.sv-grossraeschen.de/wp-content/uploads/2025/05/img_3207.jpg 720w" sizes="auto, (max-width: 300px) 100vw, 300px" /></figure>



<h2 class="wp-block-heading">Abteilungsleitung:</h2>



<div class="wp-block-columns is-layout-flex wp-container-core-columns-is-layout-9d6595d7 wp-block-columns-is-layout-flex">
<div class="wp-block-column is-layout-flow wp-block-column-is-layout-flow" style="flex-basis:100%">
<figure class="wp-block-table"><table><tbody><tr><td>Abteilungsleiterin</td><td>Sindy Ulbricht</td></tr><tr><td>Stellv. Abteilungsleiterin</td><td>Angela Hahn</td></tr></tbody></table></figure>
</div>
</div>



<h2 class="wp-block-heading">Trainingstage:</h2>



<p>Montag :</p>



<p>14:30 &#8211; 16:00 Uhr ab 6 Jahre </p>



<p>15:30 &#8211; 17:00 Uhr, 4-6 Jahre</p>



<p>Mittwoch:</p>



<p>14:30 &#8211; 16:30 Uhr ab 6 Jahre</p>



<h2 class="wp-block-heading">Trainingsstätte:</h2>



<p>SeeSporthalle &#8211; Seestraße 90 &#8211; 01983 Großräschen</p>

<p>Abteilungsleitung: Abteilungsleiterin Sindy Ulbricht Stellv. Abteilungsleiterin Angela Hahn Trainingstage: Montag : 14:30 &#8211; 16:00 Uhr ab 6 Jahre 15:30 &#8211; 17:00 Uhr, 4-6 Jahre Mittwoch: 14:30 &#8211; 16:30 Uhr ab 6 Jahre Trainingsstätte: SeeSporthalle &#8211; Seestraße 90 &#8211; 01983 Großräschen</p>
